 divided by 75?
71
What is the remainder when 2796 is divided by 2788?
8
Calculate the remainder when 205 is divided by 103.
102
What is the remainder when 1272 is divided by 257?
244
Calculate the remainder when 77 is divided by 39.
38
Calculate the remainder when 1011 is divided by 4.
3
Calculate the remainder when 2171 is divided by 136.
131
Calculate the remainder when 138 is divided by 10.
8
What is the remainder when 409 is divided by 149?
111
Calculate the remainder when 843 is divided by 65.
63
Calculate the remainder when 75 is divided by 73.
2
What is the remainder when 2844 is divided by 13?
10
Calculate the remainder when 53 is divided by 15.
8
What is the remainder when 174 is divided by 88?
86
Calculate the remainder when 154 is divided by 24.
10
Calculate the remainder when 27058 is divided by 13.
5
Calculate the remainder when 465 is divided by 34.
23
What is the remainder when 1434 is divided by 14?
6
Calculate the remainder when 2372 is divided by 56.
20
What is the remainder when 3000 is divided by 13?
10
What is the remainder when 95 is divided by 56?
39
Calculate the remainder when 309 is divided by 67.
41
Calculate the remainder when 478 is divided by 82.
68
Calculate the remainder when 105 is divided by 43.
19
What is the remainder when 817 is divided by 118?
109
What is the remainder when 604 is divided by 162?
118
What is the remainder when 362 is divided by 236?
126
Calculate the remainder when 3178 is divided by 1059.
1
What is the remainder when 39 is divided by 31?
8
Calculate the remainder when 1171 is divided by 140.
51
What is the remainder when 65 is divided by 22?
21
Calculate the remainder when 1627 is divided by 537.
16
What is the remainder when 107 is divided by 31?
14
What is the remainder when 541 is divided by 34?
31
What is the remainder when 285 is divided by 88?
21
What is the remainder when 1860 is divided by 133?
131
What is the remainder when 320 is divided by 65?
60
What is the remainder when 963 is divided by 240?
3
Calculate the remainder when 204 is divided by 107.
97
What is the remainder when 57 is divided by 8?
1
Calculate the remainder when 143 is divided by 69.
5
Calculate the remainder when 587 is divided by 7.
6
Calculate the remainder when 258 is divided by 10.
8
What is the remainder when 302 is divided by 278?
24
Calculate the remainder when 144 is divided by 42.
18
Calculate the remainder when 1373 is divided by 362.
287
What is the remainder when 2698 is divided by 150?
148
Calculate the remainder when 281 is divided by 57.
53
Calculate the remainder when 1382 is divided by 460.
2
Calculate the remainder when 483 is divided by 201.
81
Calculate the remainder when 366 is divided by 114.
24
What is the remainder when 403 is divided by 58?
55
What is the remainder when 598 is divided by 124?
102
What is the remainder when 191 is divided by 44?
15
Calculate the remainder when 12 is divided by 6.
0
Calculate the remainder when 375 is divided by 9.
6
What is the remainder when 244 is divided by 41?
39
What is the remainder when 186 is divided by 63?
60
What is the remainder when 426 is divided by 13?
10
What is the remainder when 488 is divided by 141?
65
Calculate the remainder when 4549 is divided by 17.
10
Calculate the remainder when 4362 is divided by 78.
72
Calculate the remainder when 1591 is divided by 40.
31
Calculate the remainder when 3520 is divided by 41.
35
Calculate the remainder when 125 is divided by 3.
2
Calculate the remainder when 29 is divided by 12.
5
What is the remainder when 164 is divided by 83?
81
Calculate the remainder when 239 is divided by 11.
8
What is the remainder when 625 is divided by 14?
9
Calculate the remainder when 212 is divided by 44.
36
What is the remainder when 510 is divided by 43?
37
Calculate the remainder when 77 is divided by 3.
2
Calculate the remainder when 90 is divided by 22.
2
What is the remainder when 6246 is divided by 133?
128
Calculate the remainder when 332 is divided by 7.
3
Calculate the remainder when 676 is divided by 10.
6
Calculate the remainder when 733 is divided by 147.
145
What is the remainder when 1752 is divided by 15?
12
Calculate the remainder when 106 is divided by 22.
18
What is the remainder when 733 is divided by 24?
13
What is the remainder when 79 is divided by 59?
20
What is the remainder when 24 is divided by 2?
0
What is the remainder when 299 is divided by 145?
9
Calculate the remainder when 763 is divided by 15.
13
What is the remainder when 1011 is divided by 6?
3
What is the remainder when 865 is divided by 55?
40
What is the remainder when 4963 is divided by 17?
16
Calculate the remainder when 2011 is divided by 72.
67
What is the remainder when 1254 is divided by 625?
4
What is the remainder when 319 is divided by 170?
149
Calculate the remainder when 540 is divided by 72.
36
What is the remainder when 81496 is divided by 289?
287
Calculate the remainder when 211 is divided by 48.
19
Calculate the remainder when 74 is divided by 46.
28
What is the remainder when 85 is divided by 4?
1
What is the remainder when 99 is divided by 5?
4
Calculate the remainder when 877 is divided by 66.
19
What is the remainder when 1969 is divided by 10?
9
What is the remainder when 574 is divided by 180?
34
Calculate the remainder when 44806 is divided by 24.
22
What is the remainder when 129 is divided by 10?
9
What is the remainder when 498 is divided by 101?
94
Calculate the remainder when 175 is divided by 41.
11
What is the remainder when 29 is divided by 13?
3
What is the remainder when 148 is divided by 30?
28
What is the remainder when 129 is divided by 22?
19
Calculate the remainder when 11996 is divided by 279.
278
Calculate the remainder when 526 is divided by 48.
46
What is the remainder when 534 is divided by 2?
0
Calculate the remainder when 271 is divided by 21.
19
What is the remainder when 151 is divided by 33?
19
What is the remainder when 385 is divided by 380?
5
What is the remainder when 121 is divided by 69?
52
Calculate the remainder when 63 is divided by 22.
19
Calculate the remainder when 131 is divided by 37.
20
Calculate the remainder when 713 is divided by 12.
5
Calculate the remainder when 2504 is divided by 125.
4
What is the remainder when 2619 is divided by 19?
16
What is the remainder when 921 is divided by 21?
18
Calculate the remainder when 12318 is divided by 16.
14
What is the remainder when 175 is divided by 44?
43
What is the remainder when 23 is divided by 12?
11
Calculate the remainder when 3522 is divided by 141.
138
Calculate the remainder when 217 is divided by 98.
21
Calculate the remainder when 350 is divided by 88.
86
What is the remainder when 537 is divided by 45?
42
Calculate the remainder when 456 is divided by 132.
60
What is the remainder when 27174 is divided by 127?
123
What is the remainder when 174 is divided by 21?
6
What is the remainder when 537 is divided by 110?
97
Calculate the remainder when 5781 is divided by 2888.
5
Calculate the remainder when 82 is divided by 58.
24
What is the remainder when 3403 is divided by 1115?
58
Calculate the remainder when 303 is divided by 38.
37
Calculate the remainder when 1446 is divided by 714.
18
What is the remainder when 682 is divided by 10?
2
Calculate the remainder when 26 is divided by 15.
11
What is the remainder when 172 is divided by 92?
80
Calculate the remainder when 63 is divided by 16.
15
What is the remainder when 121 is divided by 46?
29
What is the remainder when 121 is divided by 86?
35
What is the remainder when 105 is divided by 35?
0
What is the remainder when 160 is divided by 27?
25
What is the remainder when 97 is divided by 20?
17
What is the remainder when 2819 is divided by 13?
11
Calculate the remainder when 57 is divided by 46.
11
Calculate the remainder when 2373 is divided by 36.
33
Calculate the remainder when 32 is divided by 4.
0
What is the remainder when 281 is divided by 55?
6
Calculate the remainder when 1503 is divided by 286.
73
What is the remainder when 1123 is divided by 17?
1
What is the remainder when 2186 is divided by 24?
2
What is the remainder when 4474 is divided by 121?
118
Calculate the remainder when 156 is divided by 24.
12
What is the remainder when 29 is divide